 12*m - 6. What is the tens digit of o(6)?
6
Let d = -27 + 60. What is the tens digit of d?
3
Let p be 1 - (-16)/(-12)*3. Let u = p - -46. What is the units digit of u?
3
Let u = 60 + -10. What is the tens digit of u?
5
Let n be (-12)/9*135/(-10). Let t = 31 + n. What is the tens digit of t?
4
Let b(h) = h**2 + 7*h + 12. What is the units digit of b(-7)?
2
Let l be 0*(0 + 1)/(-2). Suppose 13 = r + 4. Let o = r + l. What is the units digit of o?
9
Suppose -309 = -5*j - w - w, 2*w - 65 = -j. What is the tens digit of j?
6
Let h = 5 - 4. What is the units digit of h?
1
Let t be 2/(-2) + 1 + -7. Let p(d) = -d**3 - 6*d**2 + 8*d + 10. Let y be p(t). Suppose 4*v = 3*i + 14, y*i - 23 = -3*v - i. What is the units digit of v?
5
Suppose u = 2*u. Suppose -4*x + 22 = 2. Suppose u = -x*t + 13 - 3. What is the units digit of t?
2
Suppose s = -0 - 1. What is the tens digit of (-172)/(-12) - s/(-3)?
1
Let g = 0 - -6. What is the units digit of 28/3 + (-2)/g?
9
Let d = 24 - 12. What is the units digit of d?
2
Let r = -3 - -4. Let s = 5 - r. Suppose -3*w + s = -2. What is the units digit of w?
2
Let f be (5 - 3)*1 - 0. Suppose -19 = -3*a + 2*l, 2*a + 4*l - 4 + f = 0. Suppose -4 - 1 = -a*h. What is the units digit of h?
1
Let y = 290 + -411. Let t = y - -172. What is the units digit of t?
1
Let l = 7 - 19. What is the tens digit of l/(-18)*(-66)/(-4)?
1
Let c(r) = r + 5. Let w be c(0). Let h(o) = o**2 - 4*o + 3. What is the units digit of h(w)?
8
Let d = 16 - 8. Suppose 3*i + 15 = 4*q - 8, 2*i - d = -2*q. What is the units digit of q?
5
Suppose -2*z = 17 + 15. Let i = 34 + z. What is the units digit of i?
8
Suppose w - 240 = -2*w. Let s = w + -55. Let v = 37 - s. What is the tens digit of v?
1
Let s(u) = 5*u + 8. What is the tens digit of s(2)?
1
Let l(f) = -4*f + 0 - 6 + f - 11. What is the tens digit of l(-13)?
2
Suppose 0 = -11*d + 1119 + 443. What is the units digit of d?
2
Suppose b - 4*b = -k + 8, 19 = -5*b - 4*k. Let m be b + 18/3 - 0. Suppose 0 = y + 1 + 1, 5*f - m*y = 116. What is the tens digit of f?
2
Let y = 104 + -56. What is the tens digit of y?
4
Let b(z) = z**2 - 5*z - 3. Let h be b(6). Suppose -45 = -8*c + h*c. What is the units digit of c?
9
Let t(b) = 2*b - 9. Let y be t(9). Let v = y - 5. Suppose v*d = 14 + 10. What is the units digit of d?
6
Suppose 3*a + 0*a = 36. Let u = a - 20. Let q = u + 11. What is the units digit of q?
3
Let c be (-3)/((-6)/10*1). Suppose -4 = c*b + 6. What is the units digit of b/(-7) - 234/(-14)?
7
Let m = -24 - -14. Let x = m + 20. What is the tens digit of x?
1
What is the tens digit of 175/(-10)*(-42)/15?
4
Let a(w) = -22*w + 30. What is the tens digit of a(-5)?
4
Let f(d) = d**3 - d**2 + d - 1. Let x be f(0). What is the units digit of (-1*2)/x - 1?
1
Let l(t) be the second derivative of t**3/3 + t. What is the tens digit of l(7)?
1
Let z(i) be the second derivative of i**3/6 + 9*i**2 - 4*i. What is the units digit of z(-12)?
6
Let u be 0/((-1 - -2) + -2). Suppose 3*n + u*n + 4*x = 14, 2*n - 2*x = 0. What is the units digit of n?
2
Let o(i) = i**3 - 29*i**2 + 8*i + 5. What is the hundreds digit of o(29)?
2
Suppose 0 = q + 2, -5*x + 2 = 4*q - 10. Suppose -x = -d - 1. What is the units digit of d?
3
Suppose -y - 4 = -4*o + 2*y, -4*y + 36 = 5*o. Let r = 0 + o. Let v = r + 1. What is the units digit of v?
5
Let j be 2/(-6) - (-39)/9. Suppose -5 = -4*p + 3*s - j*s, -p - 5 = -s. Let f = p + 4. What is the units digit of f?
4
Let j(l) = 4*l**2 + 4*l + 2. Let m be j(-2). Suppose -74 = -2*k + m. What is the units digit of k?
2
Let c(j) = j + 11. Let x be c(-6). What is the tens digit of 2 + 11 + (4 - x)?
1
What is the tens digit of 1/1 - (190/(-5) - 1)?
4
Suppose 3*n - 14 = 3*a + 28, -2*a = 4. Suppose 0 = 4*c + j - 11, -j - 14 = -4*c - 1. Suppose -c*y = -y - n. What is the units digit of y?
6
Let o(d) = d**3 + d**2 - d + 17. Suppose -s = -3*s. What is the tens digit of o(s)?
1
Let y(k) = 2*k + 2. Let n be y(-3). What is the tens digit of 34 + ((-48)/(-4))/n?
3
Suppose -5*a = -2*a + 39. Let d = a + 35. What is the units digit of d?
2
Let h = -167 - 181. What is the units digit of ((-5)/(-20))/((-3)/h)?
9
Let h = 347 - 170. What is the hundreds digit of h?
1
Let h be (38/(-4))/((-2)/4). Let d = -12 + h. What is the units digit of d?
7
Suppose x = -2*x - 18. What is the units digit of ((-12)/(-7))/(x/(-21))?
6
Let c(f) = -9*f**3 - 25*f**2 - 11*f + 16. Let q(j) = 5*j**3 + 13*j**2 + 6*j - 8. Let v(o) = 6*c(o) + 11*q(o). Let a = -3 + 10. What is the units digit of v(a)?
8
Suppose -3*b = 3*r - 90, 2*r = 3*b - 4*b + 58. What is the units digit of r?
8
Let z be 2 - (7 + -4 + 3). Let k = z + 39. What is the tens digit of k?
3
Suppose 17 = -0*a + a. What is the tens digit of a?
1
Suppose -2*c - 5*p + 31 + 11 = 0, 0 = -4*c - 3*p + 98. What is the tens digit of c?
2
Let r = 11 + -7. Let m(c) be the second derivative of c**5/20 - 5*c**4/12 + 5*c**3/6 + c**2 - 10*c. What is the units digit of m(r)?
6
Suppose -3*r - 2*r = -25. Suppose 0 = -3*n + r*u + 9, 4*n - u - 9 = n. What is the units digit of n?
3
Let a(b) = 5*b**3 - b**2 - b + 1. Let z be a(1). Let x = z + -3. Suppose 2*l - 1 = 5*g, l = -g + 3 + x. What is the units digit of g?
1
Suppose -v = -q - 0*v + 6, -4*q + 20 = -2*v. Suppose 2*z = -c + 11, 0 = -q*c + 3*c + z + 17. What is the tens digit of c?
1
Let y = -23 + 65. What is the units digit of y?
2
Let i = 244 + -158. Let y be 2/8 + i/8. Suppose 35 = 2*h + y. What is the tens digit of h?
1
Let i(z) = -z**2 - 2*z - 1. Let l(v) = v**2 + 4*v + 2. Let a be l(-2). Let w be i(a). Let m = 2 + w. What is the units digit of m?
1
Suppose 2*n - 3*c + 19 - 373 = 0, -4*n + 3*c + 696 = 0. What is the units digit of n?
1
Suppose 0 = 7*q - 2*q + 5. Let k be (-1)/(q/(-7) + 0). Let d = 11 + k. What is the units digit of d?
4
Suppose -c + 68 = 3*c. Let t = 9 - 4. Suppose 0 = -t*i + 47 - c. What is the units digit of i?
6
Let p be (-1)/(-5) + 70/25. What is the units digit of ((-9)/(-6))/(p/4)?
2
What is the tens digit of 12/(-16) + 123/4?
3
Let t(v) = v**2 - 8*v - 14. Let x be (-1)/3 - (-74)/6. What is the units digit of t(x)?
4
Suppose -93 - 42 = 5*g. What is the tens digit of 5/(30/(-4))*g?
1
Let f = 15 - 10. Suppose -c = 6*w - w - 154, 4*c = -f*w + 151. What is the tens digit of w?
3
Let d = 59 - 40. What is the units digit of d?
9
Let o be (-1 - (0 - 1))/(-2). What is the units digit of (o/(-1))/(-1) + 9?
9
What is the units digit of ((-88)/(-66))/((-4)/414*-1)?
8
What is the tens digit of 3 + 28/(-4) - -150?
4
Let v = -37 + 20. Let f = v + 28. Suppose f = n - 4*l, -2*n - 3*n = 4*l - 31. What is the units digit of n?
7
Let p = -5 + 8. Suppose 2*o + p*o - 25 = 0. What is the units digit of o?
5
Suppose -25 = z - 2*f - 0*f, -3*z - 65 = -f. What is the tens digit of (-122)/(-6) + 7/z?
2
Let n = 178 - -8. What is the hundreds digit of n?
1
Suppose 0 = 4*l - 5*b - 36, -l - 3*b - 2 - 6 = 0. What is the units digit of l?
4
Suppose -2*w = -w + 3, 4*w + 117 = 5*o. Let a = o + -19. What is the units digit of a?
2
What is the units digit of -1*(-1 - 10 - 3)?
4
Let w be 12/14*(27 - 6). Let b = w + 0. What is the tens digit of b?
1
Let r be 3 - ((-7)/1 - -3). Let x = r + 8. What is the units digit of x?
5
Suppose 58 = 4*w - 2*b, w + 2*w - 4*b = 41. Suppose -6*c + w = -3*c. What is the units digit of c?
5
Suppose c = -5*n + 297 + 101, 0 = 2*n - 2*c - 164. What is the units digit of n?
0
Let k(m) = m + 1. Let a be k(4). Suppose a*n = -5*q + 150, -2*q + 2*n - 5*n = -58. What is the units digit of q?
2
What is the tens digit of (-316)/(-3)*9/6?
5
Let x be ((-10)/(-15))/((-2)/(-9)). Let c(r) = -2*r**3 - r**2 + x*r**3 - 2*r**3 + 8. What is the units digit of c(0)?
8
Let k(r) = r. Let s be k(1). Let a(t) = 3*t**2 + 3*t - 4. Let n be a(-2). Suppose -b - 3 = -q - 4, -3*q - s = -n*b. What is the units digit of b?
2
What is the units digit of (32 - 1) + 0 + 1?
2
Let c(s) = s**2 - 9*s + 10. Let k = -22 - -31. What is the tens digit of c(k)?
1
Suppose 0 = -s + 3*s + 3*v + 15, 5 = -v. Suppose 0 = -s*y + 3*y - 6. Suppose 0 = 4*z - y*z - 2. What is the units digit of z?
1
Suppose -51 = -4*b - 231. What is the tens digit of ((-36)/10)/(9/b)?
1
Let r(f) be the second derivative of -f**3/3 + f**2/2 + 2*f. Let d be r(-3). Let m = 11 - d. What is the units digit of m?
4
L